y = k + 2394. Is y composite?
False
Suppose -3*j - 2*j = n - 2131, 3*j - 3*n = 1275. Suppose k - j = -3*d + 28, 3*k = 4*d - 588. Let v = d + -23. Is v a composite number?
False
Suppose 0 = 3*n - 9, -3*p = 17*n - 14*n - 99. Suppose -1461 = 2*r - 3*r. Suppose -r = -33*q + p*q. Is q a composite number?
False
Suppose 1 = -b + 4*y, -1 = -y - 3. Let t(l) = -12*l**3 + 16*l**2 + 3*l + 20. Is t(b) composite?
False
Let j = -658 - -662. Suppose -6*a = -10*a - 2*x + 165380, -j*x - 82670 = -2*a. Is a composite?
True
Let b = -50 + 53. Suppose b*z + 15 = 4*k - 11, -27 = z - 5*k. Is (0 + 1)*(-2)/(z/751) a prime number?
True
Let f(s) = 32*s**2 - s - 7. Let k be (-2)/10 + 14/(-5). Let p be (-238)/42 + (3 + -2)/k. Is f(p) prime?
True
Let x(q) = -9270*q - 1561. Is x(-5) a composite number?
False
Suppose -2*b + 178 = 172. Is (-2 + 22)/4 + (b - -489) a composite number?
True
Suppose -w - 4*n + 60706 = -76773, -2*w + 274966 = 4*n. Suppose 42*o - 63*o + w = 0. Is o a composite number?
False
Is ((-1)/(-6 + 2))/(9/38196) composite?
False
Suppose -t + 107987 = 2*n, 26*t - 5*n = 24*t + 216028. Is t prime?
True
Let c = -151 - -145. Let j(m) = 71*m**2 - 2*m - 17. Is j(c) prime?
True
Let t(c) be the third derivative of c**5/10 - 3*c**4/8 + 11*c**3/6 - c**2. Let b = 45 - 35. Is t(b) a composite number?
False
Let l(r) = -2*r**3 - 56*r**2 + 85*r + 106. Is l(-33) a prime number?
True
Is (((-160)/(-15) + -5)*-1)/(12/(-50724)) composite?
True
Let u be 98096/(-2)*8/16. Let b = -16377 - u. Is b prime?
True
Let j(i) = 2*i**2 + 10*i + 16. Let f be j(-3). Suppose 5*y + 2*u = 52787, -f*u - 34952 = -3*y - 3259. Is y a composite number?
False
Let i be (-3)/(-30)*6*(11 - -4094). Let w be -2*(-6)/(-4)*i/(-9). Let v = w - -2186. Is v a prime number?
False
Let c(k) = 2*k + 25. Let t be c(-13). Let n be (-87 + 2 - 2/t)*-1. Let x = 152 - n. Is x a prime number?
False
Suppose 7*r = -44*r + 5732349. Is r a composite number?
True
Let w be (-2 + -136)/2 + 1. Let p = -88 - 137. Let q = w - p. Is q composite?
False
Suppose 0*h - 20*h + 6405006 = -6382414. Is h a composite number?
False
Let c(m) = -32560*m + 6317. Is c(-54) prime?
True
Suppose -81*m + 76*m + 2*i + 3335409 = 0, 5*m - 3335417 = i. Is m prime?
False
Let d(k) = 196*k**2 - 30*k - 291. Is d(37) a prime number?
False
Suppose 312*i - 308*i - 2192212 = -3*j, 0 = 5*i + 4*j - 2740263. Is i a composite number?
False
Suppose -a + 765119 = 2*i, i - 249777 = 2*a + 132790. Is i composite?
True
Let l(m) = -m**3 - 112*m**2 - 193*m + 103. Is l(-122) prime?
True
Let d = 322 + -512. Is (-231784)/(-10) - 114/d composite?
True
Let c(m) = 77474*m**2 + 28*m - 53. Is c(2) a composite number?
False
Suppose -14*h + 48594 = -20*h. Let y = -5469 - h. Suppose -g = -11*g + y. Is g a prime number?
True
Suppose -2*j - 36 + 42 = 0. Let y(k) = 2103*k + 20. Is y(j) composite?
False
Let n = 185181 + -111441. Let o = n + -21989. Is o a prime number?
False
Suppose -a = 4*i - 111937, -2*a = -4*i - 33035 - 190875. Is a a prime number?
True
Suppose 5*g = -l - 2*l + 125, -5*g - 2*l + 130 = 0. Suppose 0 = -11*a - g + 116. Suppose -a*o + 1893 = -5*o. Is o prime?
True
Suppose -3*l - 18 = -3*b, 8*b - l = 3*b + 50. Suppose -54378 = -b*j + 42961. Is j a composite number?
False
Let w be 11257 - -2*1*(-15)/(-6). Is 4 + -13 + 2 + w prime?
False
Suppose 16*y = 463597 - 119437. Suppose -23*u + y + 1697 = 0. Is u a prime number?
True
Let y(x) = 44*x + 23. Let q(g) be the first derivative of -g**2/2 + g - 16. Let v(c) = 6*q(c) - y(c). Is v(-11) a prime number?
False
Let h(s) = 21*s**3 + 2*s - 34. Let j be h(6). Let l be (-21291)/9 + 4/6. Let c = j + l. Is c composite?
True
Let q(x) = -131*x**3 + 7*x + 13. Let g(a) = -524*a**3 - a**2 + 29*a + 53. Let n(d) = -2*g(d) + 9*q(d). Is n(-6) prime?
True
Suppose 1833 - 617 = -4*a. Let q = -868 + 1645. Let x = q + a. Is x prime?
False
Suppose 392 + 18 = 10*n. Suppose -n*o + 112239 = 18800. Is o a prime number?
False
Let h = 120082 - 23943. Is h prime?
False
Let w(z) = -8*z**2 - 15*z - 36. Let q be w(-6). Suppose -1172 = -4*a + 872. Let c = a + q. Is c a composite number?
False
Let h be (237/(-9) + -3)*-93. Suppose 2*c - 1371 = -2*n + 7*n, 4*c - h = -4*n. Suppose c = 5*y - 2687. Is y a composite number?
True
Let a(q) = -97*q - 4. Let y be a(-4). Let p be 770*((-16)/2 + (-180)/(-40)). Let z = y - p. Is z composite?
False
Let f = 34 + -43. Let m be 2/f - 34/9. Is ((-514)/(-8))/((-1)/m) a composite number?
False
Let c(j) = 4*j**2 - 25*j - 203. Let y be c(31). Let p = y + -713. Is p prime?
True
Suppose 2*r = -6853 + 2255. Let d = 5200 + r. Is d a prime number?
False
Suppose -3*n - 7*w + 2*w + 23 = 0, -5*w = n - 1. Let z(c) = 42*c - 239. Is z(n) prime?
True
Let x = -14 - -15. Suppose 0*o + o + x = 0, -4*w - 2*o = -22. Suppose -3*b + w = -51. Is b prime?
True
Let x(o) = 35*o**2 + 60*o - 35. Let b be x(-35). Let f = 57977 - b. Is f prime?
False
Suppose -3*v = 2*k - 91495, 4*k = 7*k - 3*v - 137220. Is k a prime number?
False
Let s(d) = -d**3 - 2*d**2 + d - 2. Let g be s(-3). Let r be (50/g)/(-5)*6*-1. Suppose p = y + 6*p - 216, 3*p = r. Is y a composite number?
False
Let i be (3 + -2 - 5)/(-2) - 10085. Let x = 4588 + i. Let w = x + 8968. Is w a prime number?
False
Let u be ((-55)/22)/(1/(-2)). Suppose -458 = -u*y + 4*q - q, 2*y + q = 192. Is y a prime number?
False
Is 16597*9/((-504)/(-16)) + 3 + -6 composite?
True
Let r(t) = 1658*t**3 - t**2 + 70*t - 233. Is r(4) prime?
False
Suppose -244502 + 51702 = -10*p. Suppose 30411 + p = 17*i. Is i composite?
True
Let z = 4118 - -1787. Is z composite?
True
Let l = 10503 - 4052. Let t = 9488 - l. Is t a prime number?
True
Suppose 2*j = -2*r + 1892, 5*j + 3894 - 101 = 4*r. Suppose 233 = -4*o - f - r, 4*f - 608 = 2*o. Let n = 693 + o. Is n a composite number?
False
Let v(z) be the second derivative of 238*z**3/3 - 117*z**2/2 + 7*z - 2. Is v(16) a prime number?
True
Let u = 589499 + 334742. Is u a composite number?
False
Let n = 42 + -38. Suppose n*s + 42 = -2*s. Let z(d) = 4*d**2 + 10*d + 8. Is z(s) a prime number?
False
Let t(c) be the third derivative of 181*c**6/60 - c**5/15 + c**4/2 - 29*c**3/6 - 135*c**2. Is t(3) prime?
False
Let j = 313603 - -360208. Is j a composite number?
False
Suppose 5*l = -15, -279881 = -2*a + 431*l - 430*l. Is a a prime number?
True
Suppose 5*n + 25 = 3*q + 4, -q = -5*n - 17. Suppose 3*w - 10 - 8 = 0. Is q/w*(-1437)/(-1) composite?
False
Let o be 10*11*4/(16/2). Suppose -o = -71*b + 70*b. Is 19926/5 - 11/b a composite number?
True
Let u(w) = -950*w**3 - 71*w**2 - 787*w + 25. Is u(-15) a composite number?
True
Let g(p) = 7058*p**3 + p**2 - 35*p + 75. Is g(2) composite?
False
Let d(x) = 32396*x + 1713. Is d(29) a composite number?
True
Suppose z + 2*x = 305549, -4*z + 148564 = x - 1073639. Is z prime?
True
Is -11 - 17/(170/(-444780)) prime?
False
Let u = -16485 - -80618. Is u a prime number?
False
Suppose 4*c = c + 663. Suppose 0 = -4*b + c + 2959. Suppose 2*g - 467 = b. Is g a composite number?
False
Suppose 168*o - 172*o = -97872. Suppose -17317 = -5*m + o. Is m composite?
True
Is 2652/(-1989)*2/((-8)/1806369) a composite number?
True
Is -3*(-4)/4 - (28 + -171542) prime?
True
Let b(p) = -p**2 - 44*p - 175. Let n be b(-18). Suppose -17015 = -4*l + n. Is l prime?
True
Let d(f) = -8*f - 109. Let i be d(-14). Suppose -10*k = -7*k - 2*g - 26045, -2*g + 26041 = i*k. Is k composite?
False
Let s(h) = -8*h**2 - 113*h - 3. Let w be s(-14). Suppose w*t = 31*t - 88700. Is t a composite number?
True
Suppose 74*n - 70*n = 4*s - 3469752, 4*s - 3469731 = n. Is s composite?
False
Suppose 2 = f - 0*h + 3*h, 2*h + 10 = 5*f. Suppose -2*l = 4*x - 1674, -f*l + 5*x + 720 + 927 = 0. Let b = l + -578. Is b composite?
True
Suppose -2*u + 55894 = -2*l, -2*u + 58452 - 2552 = -3*l. Is u composite?
False
Suppose 0 = 4*o + 2*w - 45 + 1, -4 = 2*w. Is 4/o*(-6)/4*-4162 prime?
True
Let r = 157 - 153. Is 1*(1 - 6018)*r/(-4) composite?
True
Suppose 9*y - 54 = -0*y. Suppose 4*v + 2*z - 6922 = 0, -y*v + 2*z = -v - 8675. Is v prime?
True
Suppose -4018 - 665 = -3*r. Let v = r - -3000. Is v a prime number?
True
Let n(z) = -3*z - 78. Let k be n(-24). Is (-3)/k*(-21354)/(-3 + 0) a composite number?
False
Let h(k) = 2*k**3 + 10*k**2 + 14*k - 17. Let x be h(8). Let c = x + -138. Is c a composite number?
False
Suppose 2*o - 227411 =